e the prime factors of 130197?
3, 43399
What are the prime factors of 724526?
2, 11, 32933
List the prime factors of 3159565.
5, 631913
What are the prime factors of 17974209?
3, 11, 19, 109, 263
List the prime factors of 27957040.
2, 5, 31, 11273
What are the prime factors of 849682?
2, 424841
What are the prime factors of 319846?
2, 19, 443
List the prime factors of 12938319.
3, 227, 2111
List the prime factors of 475403.
475403
What are the prime factors of 398400?
2, 3, 5, 83
What are the prime factors of 168968?
2, 21121
What are the prime factors of 1941144?
2, 3, 29, 2789
List the prime factors of 1233443.
457, 2699
What are the prime factors of 456168?
2, 3, 83, 229
List the prime factors of 404116.
2, 31, 3259
What are the prime factors of 7227723?
3, 83, 29027
List the prime factors of 1998420.
2, 3, 5, 19, 1753
List the prime factors of 609902.
2, 467, 653
List the prime factors of 113912.
2, 29, 491
What are the prime factors of 2278928?
2, 142433
List the prime factors of 764442.
2, 3, 7, 6067
List the prime factors of 154148.
2, 89, 433
What are the prime factors of 402422?
2, 201211
What are the prime factors of 183432?
2, 3, 7643
What are the prime factors of 399940?
2, 5, 19997
What are the prime factors of 400805?
5, 19, 4219
List the prime factors of 580174.
2, 7, 29, 1429
What are the prime factors of 208126?
2, 19, 5477
List the prime factors of 267162.
2, 3, 7, 6361
What are the prime factors of 2253676?
2, 563419
What are the prime factors of 4458297?
3, 23, 64613
List the prime factors of 47382.
2, 3, 53, 149
What are the prime factors of 2123481?
3, 707827
What are the prime factors of 7424535?
3, 5, 19, 109, 239
What are the prime factors of 169108?
2, 67, 631
List the prime factors of 662441.
13, 50957
What are the prime factors of 33936509?
71, 431, 1109
What are the prime factors of 3175349?
373, 8513
List the prime factors of 251565.
3, 5, 31, 541
List the prime factors of 17112409.
43, 397963
List the prime factors of 978795.
3, 5, 21751
What are the prime factors of 41898355?
5, 53, 223, 709
List the prime factors of 139883.
139883
List the prime factors of 200303.
29, 6907
List the prime factors of 1311576.
2, 3, 7, 37, 211
List the prime factors of 1009245.
3, 5, 61, 1103
What are the prime factors of 168821?
401, 421
What are the prime factors of 216685?
5, 7, 41, 151
What are the prime factors of 673519?
7, 11, 8747
List the prime factors of 203646.
2, 3, 33941
What are the prime factors of 5904306?
2, 3, 53, 2063
List the prime factors of 8826836.
2, 2206709
List the prime factors of 1576571.
1576571
List the prime factors of 2855342.
2, 7, 203953
What are the prime factors of 4222808?
2, 527851
List the prime factors of 1274104.
2, 13, 12251
What are the prime factors of 333691?
333691
List the prime factors of 265548.
2, 3, 22129
List the prime factors of 169516.
2, 42379
What are the prime factors of 218885?
5, 43777
What are the prime factors of 3199839?
3, 757, 1409
List the prime factors of 127711.
127711
What are the prime factors of 791659?
11, 79, 911
List the prime factors of 2749471.
19, 144709
List the prime factors of 18050077.
18050077
What are the prime factors of 5268275?
5, 210731
List the prime factors of 9468033.
3, 1481, 2131
What are the prime factors of 2394781?
31, 67, 1153
List the prime factors of 4290249.
3, 733, 1951
List the prime factors of 7178953.
7178953
What are the prime factors of 1253516?
2, 11, 31, 919
List the prime factors of 2881354.
2, 7, 277, 743
List the prime factors of 23197198.
2, 1163, 9973
List the prime factors of 7072833.
3, 17, 138683
List the prime factors of 10208020.
2, 5, 510401
What are the prime factors of 1334037?
3, 67, 6637
List the prime factors of 244285.
5, 48857
What are the prime factors of 156678?
2, 3, 26113
What are the prime factors of 1152542?
2, 331, 1741
What are the prime factors of 369742?
2, 199, 929
What are the prime factors of 16625670?
2, 3, 5, 554189
What are the prime factors of 17227673?
17227673
List the prime factors of 446305.
5, 89261
List the prime factors of 19830451.
281, 70571
List the prime factors of 10241700.
2, 3, 5, 7, 4877
What are the prime factors of 11545309?
151, 157, 487
What are the prime factors of 20495548?
2, 5123887
What are the prime factors of 6991735?
5, 1398347
List the prime factors of 428900.
2, 5, 4289
What are the prime factors of 1607915?
5, 353, 911
What are the prime factors of 10002121?
10002121
List the prime factors of 255737.
23, 11119
List the prime factors of 23267.
53, 439
List the prime factors of 633793.
633793
List the prime factors of 613791.
3, 127, 179
What are the prime factors of 2316276?
2, 3, 2383
List the prime factors of 24065514.
2, 3, 11, 19, 6397
List the prime factors of 9880278.
2, 3, 683, 2411
What are the prime factors of 1456859?
47, 139, 223
List the prime factors of 225759.
3, 75253
What are the prime factors of 2991621?
3, 997207
What are the prime factors of 975030?
2, 3, 5, 7, 4643
What are the prime factors of 5246170?
2, 5, 109, 4813
List the prime factors of 119779.
11, 10889
List the prime factors of 50693.
163, 311
What are the prime factors of 1884542?
2, 11, 85661
List the prime factors of 2763459.
3, 47, 139
List the prime factors of 205198.
2, 7, 14657
What are the prime factors of 4705761?
3, 97, 103, 157
List the prime factors of 161063.
7, 19, 173
List the prime factors of 458030.
2, 5, 163, 281
What are the prime factors of 7925829?
3, 73, 36191
List the prime factors of 194925.
3, 5, 23, 113
List the prime factors of 2898006.
2, 3, 547, 883
List the prime factors of 2227178.
2, 37, 30097
List the prime factors of 83111.
7, 31, 383
List the prime factors of 597900.
2, 3, 5, 1993
List the prime factors of 1371259.
1371259
List the prime factors of 5326595.
5, 1065319
List the prime factors of 16890.
2, 3, 5, 563
List the prime factors of 1108073.
1108073
What are the prime factors of 24010901?
24010901
List the prime factors of 1917806.
2, 11, 179, 487
What are the prime factors of 86432?
2, 37, 73
List the prime factors of 8003248.
2, 11, 37, 1229
List the prime factors of 14819.
7, 29, 73
What are the prime factors of 1321768?
2, 7, 23603
List the prime factors of 259597.
13, 19, 1051
List the prime factors of 1145901.
3, 67, 5701
What are the prime factors of 3929460?
2, 3, 5, 79, 829
What are the prime factors of 12673379?
101, 179, 701
What are the prime factors of 115389?
3, 12821
What are the prime factors of 2057535?
3, 5, 15241
List the prime factors of 681863.
7, 13, 59, 127
List the prime factors of 28342290.
2, 3, 5, 349, 2707
What are the prime factors of 451595?
5, 181, 499
List the prime factors of 43798.
2, 61, 359
List the prime factors of 2096055.
3, 5, 13, 3583
What are the prime factors of 168410?
2, 5, 11, 1531
List the prime factors of 989461.
11, 293, 307
List the prime factors of 4249868.
2, 7, 21683
What are the prime factors of 453891?
3, 19, 7963
What are the prime factors of 166249?
83, 2003
List the prime factors of 16863918.
2, 3, 2810653
What are the prime factors of 203854?
2, 7, 14561
What are the prime factors of 23815?
5, 11, 433
List the prime factors of 1002182.
2, 29, 37, 467
What are the prime factors of 1081656?
2, 3, 83, 181
What are the prime factors of 2034492?
2, 3, 17, 9973
What are the prime factors of 2818572?
2, 3, 193, 1217
What are the prime factors of 1365977?
1365977
What are the prime factors of 604286?
2, 302143
What are the prime factors of 517423?
47, 101, 109
List the prime factors of 24027802.
2, 12013901
List the prime factors of 3348238.
2, 43, 38933
What are the prime factors of 4979868?
2, 3, 23, 18043
What are the prime factors of 1537979?
37, 197, 211
List the prime factors of 16377322.
2, 13, 629897
List the prime factors of 5425360.
2, 5, 73, 929
What are the prime factors of 6295108?
2, 31, 50767
List the prime factors of 194033.
7, 53, 523
What are the prime factors of 281364?
2, 3, 23447
List the prime factors of 13829388.
2, 3, 139, 8291
List the prime factors of 10728438.
2, 3, 7, 157, 1627
What are the prime factors of 5039272?
2, 7, 29, 107
List the prime factors of 9608300.
2, 5, 13, 19, 389
What are the prime factors of 525397?
525397
List the prime factors of 159955.
5,